 0 = 6*w - 3*w + 39. Let g be ((-66)/4)/((-3)/4). Let z = w + g. What is the units digit of z?
9
Let w(c) = -c**2 - 3*c + 7. Let s be w(-6). Let j(h) = -h**2 + 5*h + 1. Let r be j(6). What is the tens digit of s*(-3 - (r + 3))?
1
Suppose -r + 50 - 18 = y, -3*y + r = -100. What is the tens digit of y?
3
Let t(c) be the first derivative of c**2/2 + 8*c + 3. Let s be t(-4). Suppose -3*k + 50 = -s*x - 1, -34 = -2*k - 3*x. What is the tens digit of k?
1
Suppose -2*q - 13 = -3. Let l(c) = -3*c**2 - 5*c - 3. Let u(a) = a**2 + 3*a + 1. Let w(b) = q*u(b) - 2*l(b). What is the tens digit of w(7)?
1
Let h(f) = 3*f - 4. Suppose 13 = -x - 5*q, 6 = 2*x - 5*x - 4*q. What is the units digit of h(x)?
2
Let d(h) = -5*h + 5. Let x be d(8). What is the units digit of (-18)/(-10) + (-7)/x?
2
Let o = -7 + 13. Let i = -5 + o. What is the units digit of i?
1
Suppose t = 2*t - 3. Suppose 3*r - 106 = 5*y, r + t*y + 0*y - 26 = 0. What is the tens digit of r?
3
Let z = -8 + 11. Suppose 0 = z*p + 2*y - 100, 3*y - 6*y = -5*p + 192. What is the tens digit of p?
3
Let m(a) = -a**3 - 10*a**2 - 6*a + 20. What is the tens digit of m(-10)?
8
Let l(v) = -2*v**2 - 2*v + 1. Let z(n) = -n**3 + 7*n**2 + 6*n - 3. Let c(o) = -7*l(o) - 2*z(o). Let q be 12/10 + (-6)/30. What is the units digit of c(q)?
3
Let u = 222 + -92. What is the units digit of u?
0
What is the units digit of -2*(1104/(-21) - 3/7)?
6
Suppose 0 = p - 2*v - 9, -6*p + 2*v = -3*p - 19. Let z(w) = -w + 7. Let b be z(p). Suppose b*n + 0*n = -2*t + 16, 2*t = 6. What is the units digit of n?
5
Suppose 0 = -3*u + 42 + 60. What is the tens digit of u?
3
Let n(f) = f**3 + 17*f**2 - 3*f + 1. What is the units digit of n(-17)?
2
What is the tens digit of 4*(-3)/(-6) + 17?
1
Suppose 10 = u + 2*d - 5, -3*u - 2*d = -29. Suppose 2*n = 0, -3*n = 2*w - u + 1. What is the units digit of w?
3
Let u = -3 + 3. Suppose 5*y + 5*w - 40 = u, 0 = 3*y + 5*w - 0*w - 32. What is the units digit of y?
4
Let z = 10 + 39. What is the units digit of z?
9
Let m be (2/(-1))/(-6)*39. What is the tens digit of (m/2)/((-3)/(-6))?
1
Suppose -9*s + 2*s = -392. What is the tens digit of s?
5
Let x(d) = -7*d + 2. Let f be x(2). What is the units digit of 8*(0 - f/8)?
2
Suppose w - 75 = 3*a - 4*a, 5*w - 378 = -2*a. What is the tens digit of w?
7
Suppose k = 2*o, -5*k + 0*k - 13 = 3*o. What is the tens digit of 4 - (o - -2) - -24?
2
Suppose 5*v = b + 860, -4*v + 91 = -2*b - 591. What is the hundreds digit of v?
1
Let x(g) = g**2 - 7*g + 4 - 4 + 5. Let p be x(6). What is the units digit of p - -4 - (5 + -4)?
2
Suppose 6 = y - 0*y - s, -4*y - s = -24. Suppose -t = -y + 31. Let b = -6 - t. What is the tens digit of b?
1
Let c(o) be the third derivative of 0 + 0*o - 2*o**2 - 3/2*o**3 - 1/12*o**4. What is the units digit of c(-8)?
7
Let f(z) = z**2 - 3*z - 3. Let s be f(-2). Let u(d) = -d**2 + 9*d - 10. What is the units digit of u(s)?
4
Let n = 33 - 28. What is the units digit of n?
5
Let t be (-34)/(-6) + (-2)/(-6). Suppose -22 = -7*l + 83. Let k = l - t. What is the units digit of k?
9
Let b(q) = 2*q**3 - 8*q**2 + 7*q + 2. What is the tens digit of b(5)?
8
Let l(i) = -i**2 - 14*i - 11. Let w(o) = 9*o. Let q be w(-1). What is the units digit of l(q)?
4
Suppose 0*g - 42 = g. Let w = -18 - g. What is the tens digit of w?
2
Suppose -g - 3*g = -392. What is the units digit of g?
8
Let l(k) = -k**2 - 29*k - 41. What is the hundreds digit of l(-18)?
1
Let o(c) = c**3 + 15*c**2 + 11*c - 9. Let z(w) = 2*w**3 + 31*w**2 + 22*w - 19. Let i(u) = 5*o(u) - 2*z(u). What is the units digit of i(-12)?
5
Let i(h) = h**2 + 7*h + 2. Let z be i(-7). Suppose -a + 5*d = -5*a + 61, -a + 13 = z*d. What is the tens digit of a?
1
Let l = 127 + 8. What is the units digit of l?
5
Let q(p) = -p**3 - 6*p**2 + 4*p + 6. What is the tens digit of q(-7)?
2
Let p(a) = a + 3. Let g be p(10). Let c = g - 37. What is the tens digit of c/(-2) + -1 + 3?
1
Suppose 0 = s - 3*i - 14, -6 = 4*i + 2. What is the units digit of s?
8
Suppose 0 = -m + 57 + 22. What is the units digit of m?
9
Suppose 0*t - 4*t = -3*m - 663, 2*t + 2*m = 328. Let f = t + -110. What is the units digit of f?
5
Let x(k) = 5*k**2 + 6*k - 3*k - k**3 + 3 + 0*k**3. Let u be x(5). Suppose -r - 7 = -5*n + 38, -2*n + 4*r = -u. What is the units digit of n?
9
Suppose -31 = 2*h + 143. Let z = 132 + h. What is the tens digit of z?
4
Suppose 150 = 3*a + 2*a + r, -r + 5 = 0. What is the tens digit of a?
2
Let h(z) = -2*z**2 - z + 101. What is the hundreds digit of h(0)?
1
Let z be 145/10 + (-2)/(-4). Suppose -4*r - 2*v = -176, -89 = -2*r + 3*v + z. What is the tens digit of r?
4
Let a(i) = i**2 - i. Let d(r) = -2*r**2 - r + 6. Let u(n) = 3*a(n) + d(n). Let c(x) = -x**3 - x**2 + 3*x - 4. Let b be c(-3). What is the tens digit of u(b)?
1
Suppose -4*u = -4*j + 3*j - 93, 5*u + 5*j - 135 = 0. Let s = 65 - u. What is the tens digit of s?
4
Let m = -5 - -9. Suppose -5*g + m*p + 146 = 0, -p = -4*g - 3*p + 96. What is the tens digit of g?
2
Suppose -4*h + 5*t = -4 + 9, -3*t + 3 = -2*h. Suppose j - 4*i + 11 = h, 4*i - 9 = i. What is the units digit of (1/(-2))/(j/(-2))?
1
Let x be (0 + 2)*1*16. Suppose -8 = 2*l - x. What is the units digit of l?
2
Let r(w) = w**3 - 3*w**2 - 8*w + 5. Suppose -2*c + 35 = 5*j, 27 = c + 3*j + 7. Let i be r(c). Suppose 2*t = -3 + i. What is the units digit of t?
6
Let z = -60 - -205. What is the hundreds digit of z?
1
Suppose -2 = d + 2. Let q(u) = -u**2 - 6*u - 3. Let c be q(d). Suppose 2*i + z - 22 = -0*i, 0 = c*i - 5*z - 25. What is the units digit of i?
9
Suppose 8 - 29 = -m. What is the tens digit of m?
2
Let f = 31 - 4. What is the units digit of (-90)/f*(-3)/1?
0
Suppose -5*v = j - 325, -j - 152 = -2*v + 3*j. What is the units digit of v?
6
Suppose 3 + 0 = 3*l - 3*c, -3*l + 4*c + 3 = 0. Let b be l - (1 - 1 - -1). What is the units digit of 3 + (b + -1 - 0)?
2
Suppose 0 = -0*i + 3*i - 15. What is the units digit of i?
5
Let t = 8 + -26. What is the units digit of (-2 - 1)/(t/12)?
2
Let j(y) = 2*y**2 - 3*y. Let m be j(2). Let t be (1 - (2 + -15)) + 2. Suppose g - t = -2*k - g, -m*g = 0. What is the units digit of k?
8
Let d be (3 + -2)*(-2)/(-1). Let z = d - -5. What is the units digit of z?
7
Let b(m) be the second derivative of -m**4/12 + 5*m**3/6 - 2*m**2 + 3*m. Let n be b(4). Suppose n = -3*g + 4 - 1. What is the units digit of g?
1
Suppose 2 = -a + 1. Let i be a - -7 - 0/1. What is the units digit of (16/i)/(2/6)?
8
Suppose 9*u - 4*u + 2*b = 106, 5*b = -u + 12. What is the tens digit of u?
2
Let q = 355 + -126. What is the tens digit of q?
2
Suppose 0*z - 2*z + 5*f = -4, 2*z + f - 4 = 0. Suppose -5*t = g - 92, -2*t + z*g = t - 50. What is the tens digit of t?
1
Let g = -2 + 3. Let r be (g - 2)/(-1)*-5. What is the units digit of 6/4 - r/(-10)?
1
Suppose -2*j - 3*j + 165 = 0. What is the units digit of j?
3
Let g be 3/6 + (-14)/(-4). Suppose 4*d + 0*d + 8 = -g*x, x + 14 = 3*d. What is the units digit of d?
3
Suppose 4*y - 12 = -y - 4*w, -4*w = -12. Suppose 2*h = h + 2*f, y = 5*h - f - 9. Suppose -2*m - h*m = -36. What is the units digit of m?
9
Let n = 38 + 26. Let r = n - 46. What is the units digit of r?
8
Let a = -8 + 14. Let n = a - 6. Suppose 0 = 2*z - n*z - 6. What is the units digit of z?
3
Suppose -6 = -2*g + 6. Suppose -y = 2*b + 9, 2*y = 6*y - 3*b + 14. Let q = g + y. What is the units digit of q?
1
Let f(x) = x**2 + 8*x + 4. Let j(h) be the first derivative of -h**4/4 - 2*h**3 + h**2 + 4*h - 1. Let w be j(-6). What is the units digit of f(w)?
4
Let u(r) = r**2 + 156. Let k be u(0). Suppose -h + k = -4*h. What is the units digit of (-10)/(-35) - h/14?
4
Let o = 20 + -11. Let h(u) = u**2 - 8*u + 12. What is the units digit of h(o)?
1
Let j(x) = x**3 - 5*x**2 + x + 3. Let l be j(3). What is the units digit of 3/2 + 6/l?
1
Suppose -4*x = 5*q - 80, 0 = -5*x - 4*q + 114 - 14. Suppose 3*s - f = -5*f - x, 2*s - 2*f + 4 = 0. Let j = s + 5. What is the units digit of j?
1
Let l(z) = 4*z**3. Let y be l(1). Suppose -4*n - y*w + 68 = 0, -n + 3*n = 3*w + 9. What is the units digit of n?
2
Suppose -49 + 189 = 5*t. What is the tens digit of t?
2
What is the units digit of 0 - -1 - 7/(35/(-40))?
9
Let f be (6/(-3) - -7) + -1. Suppose -f*z = -z - 39. What is the tens digit of z?
1
Suppose -x + 6 - 17 = -5*v, 4*x = 3*v + 7